{"id":26,"date":"2026-02-19T15:11:45","date_gmt":"2026-02-19T15:11:45","guid":{"rendered":"https:\/\/creasdemy.fr\/?page_id=26"},"modified":"2026-03-07T15:53:27","modified_gmt":"2026-03-07T15:53:27","slug":"home","status":"publish","type":"page","link":"https:\/\/creasdemy.fr\/","title":{"rendered":"Home"},"content":{"rendered":"\n<div class=\"wp-block-cover alignfull\" style=\"min-height:720px;aspect-ratio:unset;\"><img loading=\"lazy\" decoding=\"async\" width=\"1024\" height=\"683\" class=\"wp-block-cover__image-background wp-image-17 size-large\" alt=\"\" src=\"http:\/\/creasdemy.fr\/wp-content\/uploads\/2026\/02\/thumb-1920-710421-1024x683.jpg\" data-object-fit=\"cover\" srcset=\"https:\/\/creasdemy.fr\/wp-content\/uploads\/2026\/02\/thumb-1920-710421-1024x683.jpg 1024w, https:\/\/creasdemy.fr\/wp-content\/uploads\/2026\/02\/thumb-1920-710421-600x400.jpg 600w, https:\/\/creasdemy.fr\/wp-content\/uploads\/2026\/02\/thumb-1920-710421-64x43.jpg 64w, https:\/\/creasdemy.fr\/wp-content\/uploads\/2026\/02\/thumb-1920-710421-300x200.jpg 300w, https:\/\/creasdemy.fr\/wp-content\/uploads\/2026\/02\/thumb-1920-710421-768x512.jpg 768w, https:\/\/creasdemy.fr\/wp-content\/uploads\/2026\/02\/thumb-1920-710421-1536x1025.jpg 1536w, https:\/\/creasdemy.fr\/wp-content\/uploads\/2026\/02\/thumb-1920-710421.jpg 1920w\" sizes=\"auto, (max-width: 1024px) 100vw, 1024px\" \/><span aria-hidden=\"true\" class=\"wp-block-cover__background has-background-dim\"><\/span><div class=\"wp-block-cover__inner-container is-layout-flow wp-block-cover-is-layout-flow\">\n<div class=\"inherit-container-width wp-block-group alignwide is-layout-constrained wp-block-group-is-layout-constrained\">\n<div class=\"wp-block-media-text alignfull has-media-on-the-right is-stacked-on-mobile is-vertically-aligned-center\" style=\"grid-template-columns:auto 26%\"><div class=\"wp-block-media-text__content\">\n<h1 class=\"wp-block-heading has-text-align-left has-white-color has-text-color has-large-font-size\">Bijoux &amp; cr\u00e9ations personnalis\u00e9es                                       en impression 3D<\/h1>\n\n\n\n<p class=\"has-white-color has-text-color\"><\/p>\n\n\n\n<div class=\"wp-block-buttons is-layout-flex wp-block-buttons-is-layout-flex\">\n<div class=\"wp-block-button\"><a class=\"wp-block-button__link wp-element-button\" href=\"https:\/\/creasdemy.fr\/index.php\/shop\/\">Notre Boutique<\/a><\/div>\n<\/div>\n\n\n\n<p><\/p>\n\n\n\n<p><\/p>\n<\/div><figure class=\"wp-block-media-text__media\"><img loading=\"lazy\" decoding=\"async\" width=\"485\" height=\"555\" src=\"https:\/\/creasdemy.fr\/wp-content\/uploads\/2026\/02\/Capture-decran-2026-02-23-163531.png\" alt=\"\" class=\"wp-image-58 size-full\" srcset=\"https:\/\/creasdemy.fr\/wp-content\/uploads\/2026\/02\/Capture-decran-2026-02-23-163531.png 485w, https:\/\/creasdemy.fr\/wp-content\/uploads\/2026\/02\/Capture-decran-2026-02-23-163531-64x73.png 64w, https:\/\/creasdemy.fr\/wp-content\/uploads\/2026\/02\/Capture-decran-2026-02-23-163531-262x300.png 262w\" sizes=\"auto, (max-width: 485px) 100vw, 485px\" \/><\/figure><\/div>\n<\/div>\n<\/div><\/div>\n\n\n\n<div class=\"wp-block-group alignfull is-layout-constrained wp-container-core-group-is-layout-45b0ac4f wp-block-group-is-layout-constrained\" id=\"services\" style=\"padding-top:144px;padding-bottom:0px\">\n<h2 class=\"wp-block-heading has-medium-font-size\">D\u00e9couvrez tous nos produits ici: <a href=\"https:\/\/creasdemy.fr\/index.php\/shop\/\" data-type=\"page\" data-id=\"68\">Boutique<\/a><\/h2>\n\n\n\n<div class=\"wp-block-columns is-layout-flex wp-container-core-columns-is-layout-60cbf9bb wp-block-columns-is-layout-flex\" style=\"margin-top:50px\">\n<div class=\"wp-block-column is-layout-flow wp-container-core-column-is-layout-6b73ce23 wp-block-column-is-layout-flow\">\n<figure class=\"wp-block-image size-full is-resized\"><a href=\"https:\/\/creasdemy.fr\/index.php\/product-category\/support-photo\/\"><img loading=\"lazy\" decoding=\"async\" width=\"593\" height=\"644\" src=\"https:\/\/creasdemy.fr\/wp-content\/uploads\/2026\/02\/Capture-decran-2026-02-07-140529.png\" alt=\"\" class=\"wp-image-96\" style=\"aspect-ratio:0.9208148653256052;width:309px;height:auto\" srcset=\"https:\/\/creasdemy.fr\/wp-content\/uploads\/2026\/02\/Capture-decran-2026-02-07-140529.png 593w, https:\/\/creasdemy.fr\/wp-content\/uploads\/2026\/02\/Capture-decran-2026-02-07-140529-64x70.png 64w, https:\/\/creasdemy.fr\/wp-content\/uploads\/2026\/02\/Capture-decran-2026-02-07-140529-276x300.png 276w\" sizes=\"auto, (max-width: 593px) 100vw, 593px\" \/><\/a><\/figure>\n\n\n\n<h3 class=\"wp-block-heading\" style=\"margin-top:16px\">Support Photos Love<\/h3>\n\n\n\n<p>Un support d\u00e9coratif unique pour sublimer vos plus beaux souvenirs.<br>Id\u00e9al pour offrir ou personnaliser votre int\u00e9rieur avec une touche d\u2019amour.<\/p>\n<\/div>\n\n\n\n<div class=\"wp-block-column is-layout-flow wp-container-core-column-is-layout-6b73ce23 wp-block-column-is-layout-flow\">\n<figure class=\"wp-block-image size-full is-resized\"><a href=\"https:\/\/creasdemy.fr\/index.php\/product-category\/boucles-doreilles\/\"><img loading=\"lazy\" decoding=\"async\" width=\"602\" height=\"623\" src=\"https:\/\/creasdemy.fr\/wp-content\/uploads\/2026\/02\/Capture-decran-2026-02-07-130843-1.png\" alt=\"\" class=\"wp-image-95\" style=\"aspect-ratio:0.9662790697674418;width:326px;height:auto\" srcset=\"https:\/\/creasdemy.fr\/wp-content\/uploads\/2026\/02\/Capture-decran-2026-02-07-130843-1.png 602w, https:\/\/creasdemy.fr\/wp-content\/uploads\/2026\/02\/Capture-decran-2026-02-07-130843-1-600x621.png 600w, https:\/\/creasdemy.fr\/wp-content\/uploads\/2026\/02\/Capture-decran-2026-02-07-130843-1-64x66.png 64w\" sizes=\"auto, (max-width: 602px) 100vw, 602px\" \/><\/a><\/figure>\n\n\n\n<h3 class=\"wp-block-heading\" style=\"margin-top:16px\">Boucles d&#8217;oreilles C\u0153ur Alsace<\/h3>\n\n\n\n<p>Des boucles l\u00e9g\u00e8res et originales, inspir\u00e9es de l\u2019Alsace et imprim\u00e9es en 3D.<br>Un bijou symbolique, parfait pour affirmer votre identit\u00e9 avec style.<\/p>\n<\/div>\n\n\n\n<div class=\"wp-block-column is-layout-flow wp-container-core-column-is-layout-6b73ce23 wp-block-column-is-layout-flow\">\n<figure class=\"wp-block-image size-full is-resized\"><a href=\"https:\/\/creasdemy.fr\/index.php\/product-category\/decoration\/\"><img loading=\"lazy\" decoding=\"async\" width=\"640\" height=\"480\" src=\"http:\/\/creasdemy.fr\/wp-content\/uploads\/2026\/02\/IMG_2721.jpg\" alt=\"\" class=\"wp-image-178\" style=\"aspect-ratio:0.9983344842994678;width:338px;height:auto\" srcset=\"https:\/\/creasdemy.fr\/wp-content\/uploads\/2026\/02\/IMG_2721.jpg 640w, https:\/\/creasdemy.fr\/wp-content\/uploads\/2026\/02\/IMG_2721-600x450.jpg 600w, https:\/\/creasdemy.fr\/wp-content\/uploads\/2026\/02\/IMG_2721-64x48.jpg 64w, https:\/\/creasdemy.fr\/wp-content\/uploads\/2026\/02\/IMG_2721-300x225.jpg 300w\" sizes=\"auto, (max-width: 640px) 100vw, 640px\" \/><\/a><\/figure>\n\n\n\n<h3 class=\"wp-block-heading\" style=\"margin-top:16px\">\ud83d\udc09 Dragon articul\u00e9 imprim\u00e9 en 3D<\/h3>\n\n\n\n<p>avec des d\u00e9tails soign\u00e9s et des articulations enti\u00e8rement mobiles. L\u00e9ger et r\u00e9sistant, il est parfait comme objet d\u00e9coratif ou cadeau original pour les amateurs de fantasy.<\/p>\n<\/div>\n<\/div>\n<\/div>\n\n\n\n<div class=\"wp-block-group alignfull has-ast-global-color-5-background-color has-background is-layout-constrained wp-container-core-group-is-layout-9cedb757 wp-block-group-is-layout-constrained\" style=\"padding-bottom:0px\">\n<div class=\"wp-block-columns are-vertically-aligned-top is-layout-flex wp-container-core-columns-is-layout-00723822 wp-block-columns-is-layout-flex\">\n<div class=\"wp-block-column is-vertically-aligned-top is-layout-flow wp-container-core-column-is-layout-6b73ce23 wp-block-column-is-layout-flow\">\n<figure class=\"wp-block-image size-full is-resized\"><img loading=\"lazy\" decoding=\"async\" width=\"1024\" height=\"1014\" src=\"http:\/\/creasdemy.fr\/wp-content\/uploads\/2026\/02\/logo-Acoeuralsace-HD-1024x1014-1.jpg\" alt=\"\" class=\"wp-image-88\" style=\"aspect-ratio:1.0098624622609862;width:52px;height:auto\" srcset=\"https:\/\/creasdemy.fr\/wp-content\/uploads\/2026\/02\/logo-Acoeuralsace-HD-1024x1014-1.jpg 1024w, https:\/\/creasdemy.fr\/wp-content\/uploads\/2026\/02\/logo-Acoeuralsace-HD-1024x1014-1-100x100.jpg 100w, https:\/\/creasdemy.fr\/wp-content\/uploads\/2026\/02\/logo-Acoeuralsace-HD-1024x1014-1-600x594.jpg 600w, https:\/\/creasdemy.fr\/wp-content\/uploads\/2026\/02\/logo-Acoeuralsace-HD-1024x1014-1-64x63.jpg 64w, https:\/\/creasdemy.fr\/wp-content\/uploads\/2026\/02\/logo-Acoeuralsace-HD-1024x1014-1-300x297.jpg 300w, https:\/\/creasdemy.fr\/wp-content\/uploads\/2026\/02\/logo-Acoeuralsace-HD-1024x1014-1-150x150.jpg 150w, https:\/\/creasdemy.fr\/wp-content\/uploads\/2026\/02\/logo-Acoeuralsace-HD-1024x1014-1-768x761.jpg 768w\" sizes=\"auto, (max-width: 1024px) 100vw, 1024px\" \/><\/figure>\n\n\n\n<h3 class=\"wp-block-heading has-text-align-left\" style=\"margin-top:16px\">Localis\u00e9 en france<\/h3>\n\n\n\n<p class=\"has-text-align-left\">Nous sommes situ\u00e9s en Alsace \u00e0 OSTHEIM<\/p>\n<\/div>\n\n\n\n<div class=\"wp-block-column is-vertically-aligned-top is-layout-flow wp-container-core-column-is-layout-6b73ce23 wp-block-column-is-layout-flow\">\n<figure class=\"wp-block-image size-large\"><img decoding=\"async\" src=\"https:\/\/creasdemy.fr\/wp-content\/themes\/astra\/inc\/assets\/images\/starter-content\/shopping-bag.svg\" alt=\"\" class=\"wp-image-135\"\/><\/figure>\n\n\n\n<h3 class=\"wp-block-heading has-text-align-left\" style=\"margin-top:16px\"><a href=\"https:\/\/creasdemy.fr\/index.php\/shop\/\" data-type=\"page\" data-id=\"82\">Boutique en ligne<\/a><\/h3>\n\n\n\n<p class=\"has-text-align-left\">Faites un tour sur notre boutique en ligne et si vous souhaitez personnalis\u00e9 un article, contactez-nous<\/p>\n<\/div>\n\n\n\n<div class=\"wp-block-column is-vertically-aligned-top is-layout-flow wp-container-core-column-is-layout-6b73ce23 wp-block-column-is-layout-flow\">\n<figure class=\"wp-block-image size-large\"><img decoding=\"async\" src=\"https:\/\/creasdemy.fr\/wp-content\/themes\/astra\/inc\/assets\/images\/starter-content\/blog.svg\" alt=\"\" class=\"wp-image-136\"\/><\/figure>\n\n\n\n<h3 class=\"wp-block-heading has-text-align-left\" style=\"margin-top:16px\"><a href=\"https:\/\/creasdemy.fr\/index.php\/contact\/\" data-type=\"page\" data-id=\"75\">Contactez-Nous<\/a><\/h3>\n\n\n\n<p class=\"has-text-align-left\">Pour plus d&#8217;informations ou une demande particuli\u00e8re, utilisez notre formulaire de contact<\/p>\n<\/div>\n\n\n\n<div class=\"wp-block-column is-vertically-aligned-top is-layout-flow wp-container-core-column-is-layout-6b73ce23 wp-block-column-is-layout-flow\">\n<figure class=\"wp-block-image size-large\"><img decoding=\"async\" src=\"https:\/\/creasdemy.fr\/wp-content\/themes\/astra\/inc\/assets\/images\/starter-content\/portfolio.svg\" alt=\"\" class=\"wp-image-137\"\/><\/figure>\n\n\n\n<h3 class=\"wp-block-heading has-text-align-left\" style=\"margin-top:16px\">Exp\u00e9dition rapide<\/h3>\n\n\n\n<p class=\"has-text-align-left\">D\u00e9s lors que nous recevons votre commande, Emy s&#8217;occupera de vous envoyez votre commande dans les plus bref d\u00e9lais<\/p>\n<\/div>\n<\/div>\n<\/div>\n\n\n\n<div class=\"wp-block-group alignfull is-layout-constrained wp-container-core-group-is-layout-3fee123f wp-block-group-is-layout-constrained\" id=\"whyus\" style=\"padding-top:144px;padding-bottom:144px\">\n<h2 class=\"wp-block-heading\">Pourquoi Nous<\/h2>\n\n\n\n<div class=\"wp-block-columns is-layout-flex wp-container-core-columns-is-layout-29aadeec wp-block-columns-is-layout-flex\" style=\"margin-top:60px\">\n<div class=\"wp-block-column is-layout-flow wp-container-core-column-is-layout-6b73ce23 wp-block-column-is-layout-flow\">\n<figure class=\"wp-block-image size-large\"><img decoding=\"async\" src=\"https:\/\/creasdemy.fr\/wp-content\/themes\/astra\/inc\/assets\/images\/starter-content\/passionate.svg\" alt=\"\" class=\"wp-image-162\"\/><\/figure>\n\n\n\n<h3 class=\"wp-block-heading\" style=\"margin-top:16px\">Passionn\u00e9e<\/h3>\n\n\n\n<p class=\"has-small-font-size\">Chaque cr\u00e9ation est pens\u00e9e avec c\u0153ur et minutie.<\/p>\n\n\n\n<p class=\"has-small-font-size\">L\u2019amour du d\u00e9tail fait toute la diff\u00e9rence.<\/p>\n\n\n\n<p class=\"has-small-font-size\">Une passion pour le fait-main et la cr\u00e9ation 3D unique.<\/p>\n\n\n\n<p class=\"has-small-font-size\">Des id\u00e9es qui prennent vie avec cr\u00e9ativit\u00e9 et \u00e9motion.<\/p>\n<\/div>\n\n\n\n<div class=\"wp-block-column is-layout-flow wp-container-core-column-is-layout-6b73ce23 wp-block-column-is-layout-flow\">\n<figure class=\"wp-block-image size-large\"><img decoding=\"async\" src=\"https:\/\/creasdemy.fr\/wp-content\/themes\/astra\/inc\/assets\/images\/starter-content\/professional.svg\" alt=\"\" class=\"wp-image-163\"\/><\/figure>\n\n\n\n<h3 class=\"wp-block-heading\" style=\"margin-top:16px\">Professionnelle<\/h3>\n\n\n\n<p class=\"has-small-font-size\">Un travail soign\u00e9, pr\u00e9cis et durable.<\/p>\n\n\n\n<p class=\"has-small-font-size\">Des finitions impeccables et des mat\u00e9riaux de qualit\u00e9.<\/p>\n\n\n\n<p class=\"has-small-font-size\">De la conception \u00e0 la r\u00e9alisation, rien n\u2019est laiss\u00e9 au hasard.<\/p>\n\n\n\n<p class=\"has-small-font-size\">Un savoir-faire artisanal alli\u00e9 \u00e0 la technologie 3D.<\/p>\n<\/div>\n\n\n\n<div class=\"wp-block-column is-layout-flow wp-container-core-column-is-layout-6b73ce23 wp-block-column-is-layout-flow\">\n<figure class=\"wp-block-image size-large\"><img decoding=\"async\" src=\"https:\/\/creasdemy.fr\/wp-content\/themes\/astra\/inc\/assets\/images\/starter-content\/support.svg\" alt=\"\" class=\"wp-image-164\"\/><\/figure>\n\n\n\n<h3 class=\"wp-block-heading\" style=\"margin-top:16px\">Disponible<\/h3>\n\n\n\n<p class=\"has-small-font-size\">\u00c0 votre \u00e9coute pour des cr\u00e9ations 100% personnalis\u00e9es.<\/p>\n\n\n\n<p class=\"has-small-font-size\">R\u00e9ponse rapide et accompagnement sur mesure.<\/p>\n\n\n\n<p class=\"has-small-font-size\">Un projet ? On en parle ensemble.<\/p>\n\n\n\n<p class=\"has-small-font-size\">Disponible pour transformer vos id\u00e9es en r\u00e9alit\u00e9.<\/p>\n<\/div>\n<\/div>\n<\/div>\n","protected":false},"excerpt":{"rendered":"<p>D\u00e9couvrez tous nos produits ici: Boutique Support Photos Love Un support d\u00e9coratif unique pour sublimer vos plus beaux souvenirs.Id\u00e9al pour [&hellip;]<\/p>\n","protected":false},"author":1,"featured_media":0,"parent":0,"menu_order":0,"comment_status":"closed","ping_status":"closed","template":"","meta":{"site-sidebar-layout":"no-sidebar","site-content-layout":"plain-container","ast-site-content-layout":"default","site-content-style":"default","site-sidebar-style":"default","ast-global-header-display":"","ast-banner-title-visibility":"","ast-main-header-display":"","ast-hfb-above-header-display":"","ast-hfb-below-header-display":"","ast-hfb-mobile-header-display":"","site-post-title":"disabled","ast-breadcrumbs-content":"","ast-featured-img":"","footer-sml-layout":"","ast-disable-related-posts":"","theme-transparent-header-meta":"enabled","adv-header-id-meta":"","stick-header-meta":"","header-above-stick-meta":"","header-main-stick-meta":"","header-below-stick-meta":"","astra-migrate-meta-layouts":"default","ast-page-background-enabled":"default","ast-page-background-meta":{"desktop":{"background-color":"var(--ast-global-color-5)","background-image":"","background-repeat":"repeat","background-position":"center center","background-size":"auto","background-attachment":"scroll","background-type":"","background-media":"","overlay-type":"","overlay-color":"","overlay-opacity":"","overlay-gradient":""},"tablet":{"background-color":"","background-image":"","background-repeat":"repeat","background-position":"center center","background-size":"auto","background-attachment":"scroll","background-type":"","background-media":"","overlay-type":"","overlay-color":"","overlay-opacity":"","overlay-gradient":""},"mobile":{"background-color":"","background-image":"","background-repeat":"repeat","background-position":"center center","background-size":"auto","background-attachment":"scroll","background-type":"","background-media":"","overlay-type":"","overlay-color":"","overlay-opacity":"","overlay-gradient":""}},"ast-content-background-meta":{"desktop":{"background-color":"var(--ast-global-color-4)","background-image":"","background-repeat":"repeat","background-position":"center center","background-size":"auto","background-attachment":"scroll","background-type":"","background-media":"","overlay-type":"","overlay-color":"","overlay-opacity":"","overlay-gradient":""},"tablet":{"background-color":"var(--ast-global-color-4)","background-image":"","background-repeat":"repeat","background-position":"center center","background-size":"auto","background-attachment":"scroll","background-type":"","background-media":"","overlay-type":"","overlay-color":"","overlay-opacity":"","overlay-gradient":""},"mobile":{"background-color":"var(--ast-global-color-4)","background-image":"","background-repeat":"repeat","background-position":"center center","background-size":"auto","background-attachment":"scroll","background-type":"","background-media":"","overlay-type":"","overlay-color":"","overlay-opacity":"","overlay-gradient":""}},"footnotes":""},"class_list":["post-26","page","type-page","status-publish","hentry"],"jetpack_sharing_enabled":true,"_links":{"self":[{"href":"https:\/\/creasdemy.fr\/index.php\/wp-json\/wp\/v2\/pages\/26","targetHints":{"allow":["GET"]}}],"collection":[{"href":"https:\/\/creasdemy.fr\/index.php\/wp-json\/wp\/v2\/pages"}],"about":[{"href":"https:\/\/creasdemy.fr\/index.php\/wp-json\/wp\/v2\/types\/page"}],"author":[{"embeddable":true,"href":"https:\/\/creasdemy.fr\/index.php\/wp-json\/wp\/v2\/users\/1"}],"replies":[{"embeddable":true,"href":"https:\/\/creasdemy.fr\/index.php\/wp-json\/wp\/v2\/comments?post=26"}],"version-history":[{"count":36,"href":"https:\/\/creasdemy.fr\/index.php\/wp-json\/wp\/v2\/pages\/26\/revisions"}],"predecessor-version":[{"id":998,"href":"https:\/\/creasdemy.fr\/index.php\/wp-json\/wp\/v2\/pages\/26\/revisions\/998"}],"wp:attachment":[{"href":"https:\/\/creasdemy.fr\/index.php\/wp-json\/wp\/v2\/media?parent=26"}],"curies":[{"name":"wp","href":"https:\/\/api.w.org\/{rel}","templated":true}]}}