{"id":195,"date":"2026-02-25T17:37:35","date_gmt":"2026-02-25T17:37:35","guid":{"rendered":"https:\/\/creasdemy.fr\/?post_type=product&#038;p=195"},"modified":"2026-03-07T14:15:16","modified_gmt":"2026-03-07T14:15:16","slug":"boucles-doreilles-clous-abeille","status":"publish","type":"product","link":"https:\/\/creasdemy.fr\/index.php\/product\/boucles-doreilles-clous-abeille\/","title":{"rendered":"Boucles d\u2019oreilles clous \u201cAbeille\u201d"},"content":{"rendered":"<h2 data-start=\"56\" data-end=\"96\">\ud83d\udc1d Boucles d\u2019oreilles clous \u201cAbeille\u201d<\/h2>\n<p data-start=\"98\" data-end=\"303\">Craquez pour ces boucles d\u2019oreilles clous en forme d\u2019abeille, symboles de nature, d\u2019\u00e9nergie et de travail passionn\u00e9. D\u00e9licates et originales, elles apportent une touche lumineuse et tendance \u00e0 votre style.<\/p>\n<p data-start=\"305\" data-end=\"448\">Gr\u00e2ce \u00e0 leur format clou, elles sont discr\u00e8tes, l\u00e9g\u00e8res et confortables, parfaites pour un port quotidien tout en affirmant votre personnalit\u00e9.<\/p>\n<p data-start=\"450\" data-end=\"721\">\u2728 Design fin et d\u00e9taill\u00e9<br data-start=\"474\" data-end=\"477\" \/>\u2728 Format discret et agr\u00e9able \u00e0 porter<br data-start=\"514\" data-end=\"517\" \/>\u2728 Impression 3D soign\u00e9e<br data-start=\"540\" data-end=\"543\" \/>\ud83c\udfa8 <strong data-start=\"546\" data-end=\"590\">Couleur personnalisable selon vos envies<\/strong><br data-start=\"590\" data-end=\"593\" \/>\u2728 <strong data-start=\"595\" data-end=\"675\">Fermoir en acier inoxydable hypoallerg\u00e9nique, id\u00e9al pour les peaux sensibles<\/strong><br data-start=\"675\" data-end=\"678\" \/>\u2728 Id\u00e9ales pour offrir ou se faire plaisir<\/p>\n<p data-start=\"723\" data-end=\"808\">Un petit bijou symbolique et plein de charme pour un style naturel et p\u00e9tillant \ud83d\udc1d\u2728<\/p>\n","protected":false},"excerpt":{"rendered":"<p>\ud83d\udc1d Boucles d\u2019oreilles clous \u201cAbeille\u201d Craquez pour ces boucles d\u2019oreilles clous en forme d\u2019abeille, symboles de nature, d\u2019\u00e9nergie et de [&hellip;]<\/p>\n","protected":false},"featured_media":159,"comment_status":"open","ping_status":"closed","template":"","meta":{"site-sidebar-layout":"default","site-content-layout":"","ast-site-content-layout":"default","site-content-style":"default","site-sidebar-style":"default","ast-global-header-display":"","ast-banner-title-visibility":"","ast-main-header-display":"","ast-hfb-above-header-display":"","ast-hfb-below-header-display":"","ast-hfb-mobile-header-display":"","site-post-title":"","ast-breadcrumbs-content":"","ast-featured-img":"","footer-sml-layout":"","ast-disable-related-posts":"","theme-transparent-header-meta":"default","adv-header-id-meta":"","stick-header-meta":"","header-above-stick-meta":"","header-main-stick-meta":"","header-below-stick-meta":"","astra-migrate-meta-layouts":"set","ast-page-background-enabled":"default","ast-page-background-meta":{"desktop":{"background-color":"var(--ast-global-color-5)","background-image":"","background-repeat":"repeat","background-position":"center center","background-size":"auto","background-attachment":"scroll","background-type":"","background-media":"","overlay-type":"","overlay-color":"","overlay-opacity":"","overlay-gradient":""},"tablet":{"background-color":"","background-image":"","background-repeat":"repeat","background-position":"center center","background-size":"auto","background-attachment":"scroll","background-type":"","background-media":"","overlay-type":"","overlay-color":"","overlay-opacity":"","overlay-gradient":""},"mobile":{"background-color":"","background-image":"","background-repeat":"repeat","background-position":"center center","background-size":"auto","background-attachment":"scroll","background-type":"","background-media":"","overlay-type":"","overlay-color":"","overlay-opacity":"","overlay-gradient":""}},"ast-content-background-meta":{"desktop":{"background-color":"var(--ast-global-color-4)","background-image":"","background-repeat":"repeat","background-position":"center center","background-size":"auto","background-attachment":"scroll","background-type":"","background-media":"","overlay-type":"","overlay-color":"","overlay-opacity":"","overlay-gradient":""},"tablet":{"background-color":"var(--ast-global-color-4)","background-image":"","background-repeat":"repeat","background-position":"center center","background-size":"auto","background-attachment":"scroll","background-type":"","background-media":"","overlay-type":"","overlay-color":"","overlay-opacity":"","overlay-gradient":""},"mobile":{"background-color":"var(--ast-global-color-4)","background-image":"","background-repeat":"repeat","background-position":"center center","background-size":"auto","background-attachment":"scroll","background-type":"","background-media":"","overlay-type":"","overlay-color":"","overlay-opacity":"","overlay-gradient":""}}},"product_brand":[],"product_cat":[22],"product_tag":[],"class_list":{"0":"post-195","1":"product","2":"type-product","3":"status-publish","4":"has-post-thumbnail","6":"product_cat-boucles-doreilles","7":"desktop-align-left","8":"tablet-align-left","9":"mobile-align-left","11":"first","12":"instock","13":"purchasable","14":"product-type-simple"},"jetpack_sharing_enabled":true,"_links":{"self":[{"href":"https:\/\/creasdemy.fr\/index.php\/wp-json\/wp\/v2\/product\/195","targetHints":{"allow":["GET"]}}],"collection":[{"href":"https:\/\/creasdemy.fr\/index.php\/wp-json\/wp\/v2\/product"}],"about":[{"href":"https:\/\/creasdemy.fr\/index.php\/wp-json\/wp\/v2\/types\/product"}],"replies":[{"embeddable":true,"href":"https:\/\/creasdemy.fr\/index.php\/wp-json\/wp\/v2\/comments?post=195"}],"wp:featuredmedia":[{"embeddable":true,"href":"https:\/\/creasdemy.fr\/index.php\/wp-json\/wp\/v2\/media\/159"}],"wp:attachment":[{"href":"https:\/\/creasdemy.fr\/index.php\/wp-json\/wp\/v2\/media?parent=195"}],"wp:term":[{"taxonomy":"product_brand","embeddable":true,"href":"https:\/\/creasdemy.fr\/index.php\/wp-json\/wp\/v2\/product_brand?post=195"},{"taxonomy":"product_cat","embeddable":true,"href":"https:\/\/creasdemy.fr\/index.php\/wp-json\/wp\/v2\/product_cat?post=195"},{"taxonomy":"product_tag","embeddable":true,"href":"https:\/\/creasdemy.fr\/index.php\/wp-json\/wp\/v2\/product_tag?post=195"}],"curies":[{"name":"wp","href":"https:\/\/api.w.org\/{rel}","templated":true}]}}