{"id":211,"date":"2026-02-25T18:03:23","date_gmt":"2026-02-25T18:03:23","guid":{"rendered":"https:\/\/creasdemy.fr\/?post_type=product&#038;p=211"},"modified":"2026-03-03T00:51:13","modified_gmt":"2026-03-03T00:51:13","slug":"porte-cles-alsace","status":"publish","type":"product","link":"https:\/\/creasdemy.fr\/index.php\/product\/porte-cles-alsace\/","title":{"rendered":"Porte-cl\u00e9s \u201cAlsace\u201d"},"content":{"rendered":"<h2 data-start=\"56\" data-end=\"81\">Porte-cl\u00e9s \u201cAlsace\u201d<\/h2>\n<p data-start=\"83\" data-end=\"280\">Affichez fi\u00e8rement votre attachement \u00e0 l\u2019Alsace avec ce porte-cl\u00e9s original et symbolique. Inspir\u00e9 de l\u2019identit\u00e9 alsacienne, il est parfait pour repr\u00e9senter votre r\u00e9gion avec style et authenticit\u00e9.<\/p>\n<p data-start=\"282\" data-end=\"399\">L\u00e9ger et r\u00e9sistant, il vous accompagne au quotidien sur vos cl\u00e9s, votre sac ou m\u00eame comme petit accessoire d\u00e9coratif.<\/p>\n<p data-start=\"401\" data-end=\"594\">\u2728 Design inspir\u00e9 de l\u2019Alsace<br data-start=\"429\" data-end=\"432\" \/>\u2728 L\u00e9ger et robuste<br data-start=\"450\" data-end=\"453\" \/>\u2728 Impression 3D soign\u00e9e<br data-start=\"476\" data-end=\"479\" \/>\ud83c\udfa8 <strong data-start=\"482\" data-end=\"526\">Couleur personnalisable selon vos envies<\/strong><br data-start=\"526\" data-end=\"529\" \/>\u2728 Id\u00e9al comme cadeau souvenir ou pour les amoureux de la r\u00e9gion<\/p>\n<p data-start=\"596\" data-end=\"689\">Un accessoire pratique et r\u00e9gional pour garder un petit bout d\u2019Alsace toujours avec vous \u2764\ufe0f<\/p>\n","protected":false},"excerpt":{"rendered":"<p>Porte-cl\u00e9s \u201cAlsace\u201d Affichez fi\u00e8rement votre attachement \u00e0 l\u2019Alsace avec ce porte-cl\u00e9s original et symbolique. Inspir\u00e9 de l\u2019identit\u00e9 alsacienne, il est [&hellip;]<\/p>\n","protected":false},"featured_media":175,"comment_status":"open","ping_status":"closed","template":"","meta":{"site-sidebar-layout":"default","site-content-layout":"","ast-site-content-layout":"default","site-content-style":"default","site-sidebar-style":"default","ast-global-header-display":"","ast-banner-title-visibility":"","ast-main-header-display":"","ast-hfb-above-header-display":"","ast-hfb-below-header-display":"","ast-hfb-mobile-header-display":"","site-post-title":"","ast-breadcrumbs-content":"","ast-featured-img":"","footer-sml-layout":"","ast-disable-related-posts":"","theme-transparent-header-meta":"default","adv-header-id-meta":"","stick-header-meta":"","header-above-stick-meta":"","header-main-stick-meta":"","header-below-stick-meta":"","astra-migrate-meta-layouts":"set","ast-page-background-enabled":"default","ast-page-background-meta":{"desktop":{"background-color":"var(--ast-global-color-5)","background-image":"","background-repeat":"repeat","background-position":"center center","background-size":"auto","background-attachment":"scroll","background-type":"","background-media":"","overlay-type":"","overlay-color":"","overlay-opacity":"","overlay-gradient":""},"tablet":{"background-color":"","background-image":"","background-repeat":"repeat","background-position":"center center","background-size":"auto","background-attachment":"scroll","background-type":"","background-media":"","overlay-type":"","overlay-color":"","overlay-opacity":"","overlay-gradient":""},"mobile":{"background-color":"","background-image":"","background-repeat":"repeat","background-position":"center center","background-size":"auto","background-attachment":"scroll","background-type":"","background-media":"","overlay-type":"","overlay-color":"","overlay-opacity":"","overlay-gradient":""}},"ast-content-background-meta":{"desktop":{"background-color":"var(--ast-global-color-4)","background-image":"","background-repeat":"repeat","background-position":"center center","background-size":"auto","background-attachment":"scroll","background-type":"","background-media":"","overlay-type":"","overlay-color":"","overlay-opacity":"","overlay-gradient":""},"tablet":{"background-color":"var(--ast-global-color-4)","background-image":"","background-repeat":"repeat","background-position":"center center","background-size":"auto","background-attachment":"scroll","background-type":"","background-media":"","overlay-type":"","overlay-color":"","overlay-opacity":"","overlay-gradient":""},"mobile":{"background-color":"var(--ast-global-color-4)","background-image":"","background-repeat":"repeat","background-position":"center center","background-size":"auto","background-attachment":"scroll","background-type":"","background-media":"","overlay-type":"","overlay-color":"","overlay-opacity":"","overlay-gradient":""}}},"product_brand":[],"product_cat":[23],"product_tag":[],"class_list":{"0":"post-211","1":"product","2":"type-product","3":"status-publish","4":"has-post-thumbnail","6":"product_cat-porte-cles","7":"desktop-align-left","8":"tablet-align-left","9":"mobile-align-left","11":"first","12":"instock","13":"purchasable","14":"product-type-simple"},"jetpack_sharing_enabled":true,"_links":{"self":[{"href":"https:\/\/creasdemy.fr\/index.php\/wp-json\/wp\/v2\/product\/211","targetHints":{"allow":["GET"]}}],"collection":[{"href":"https:\/\/creasdemy.fr\/index.php\/wp-json\/wp\/v2\/product"}],"about":[{"href":"https:\/\/creasdemy.fr\/index.php\/wp-json\/wp\/v2\/types\/product"}],"replies":[{"embeddable":true,"href":"https:\/\/creasdemy.fr\/index.php\/wp-json\/wp\/v2\/comments?post=211"}],"wp:featuredmedia":[{"embeddable":true,"href":"https:\/\/creasdemy.fr\/index.php\/wp-json\/wp\/v2\/media\/175"}],"wp:attachment":[{"href":"https:\/\/creasdemy.fr\/index.php\/wp-json\/wp\/v2\/media?parent=211"}],"wp:term":[{"taxonomy":"product_brand","embeddable":true,"href":"https:\/\/creasdemy.fr\/index.php\/wp-json\/wp\/v2\/product_brand?post=211"},{"taxonomy":"product_cat","embeddable":true,"href":"https:\/\/creasdemy.fr\/index.php\/wp-json\/wp\/v2\/product_cat?post=211"},{"taxonomy":"product_tag","embeddable":true,"href":"https:\/\/creasdemy.fr\/index.php\/wp-json\/wp\/v2\/product_tag?post=211"}],"curies":[{"name":"wp","href":"https:\/\/api.w.org\/{rel}","templated":true}]}}