{"id":212,"date":"2026-02-25T18:05:17","date_gmt":"2026-02-25T18:05:17","guid":{"rendered":"https:\/\/creasdemy.fr\/?post_type=product&#038;p=212"},"modified":"2026-03-14T17:51:02","modified_gmt":"2026-03-14T17:51:02","slug":"decoration-love","status":"publish","type":"product","link":"https:\/\/creasdemy.fr\/index.php\/product\/decoration-love\/","title":{"rendered":"D\u00e9coration \u201cLove\u201d"},"content":{"rendered":"<h2 data-start=\"56\" data-end=\"79\">\u2764\ufe0f D\u00e9coration \u201cLove\u201d<\/h2>\n<p data-start=\"81\" data-end=\"322\">Apportez une touche de douceur et de romantisme \u00e0 votre int\u00e9rieur avec cette d\u00e9coration \u201cLove\u201d. \u00c9l\u00e9gante et moderne, elle s\u2019int\u00e8gre parfaitement dans un salon, une chambre ou lors d\u2019un \u00e9v\u00e9nement sp\u00e9cial comme un mariage ou la Saint-Valentin.<\/p>\n<p data-start=\"324\" data-end=\"456\">Son design \u00e9pur\u00e9 et harmonieux en fait un objet d\u00e9coratif intemporel, id\u00e9al pour cr\u00e9er une ambiance chaleureuse et pleine d\u2019\u00e9motion.<\/p>\n<p data-start=\"458\" data-end=\"651\">\u2728 Design \u00e9l\u00e9gant et romantique<br data-start=\"488\" data-end=\"491\" \/>\u2728 Impression 3D soign\u00e9e<br data-start=\"514\" data-end=\"517\" \/>\u2728 L\u00e9ger et facile \u00e0 placer<br data-start=\"543\" data-end=\"546\" \/>\ud83c\udfa8 <strong data-start=\"549\" data-end=\"599\">Couleur personnalisable selon votre d\u00e9coration<\/strong><br data-start=\"599\" data-end=\"602\" \/>\u2728 Id\u00e9al pour offrir ou sublimer votre int\u00e9rieur<\/p>\n<p data-start=\"653\" data-end=\"725\">Une d\u00e9coration pleine d\u2019amour pour embellir vos plus beaux moments \u2764\ufe0f\u2728<\/p>\n","protected":false},"excerpt":{"rendered":"<p>\u2764\ufe0f D\u00e9coration \u201cLove\u201d Apportez une touche de douceur et de romantisme \u00e0 votre int\u00e9rieur avec cette d\u00e9coration \u201cLove\u201d. \u00c9l\u00e9gante et [&hellip;]<\/p>\n","protected":false},"featured_media":176,"comment_status":"open","ping_status":"closed","template":"","meta":{"site-sidebar-layout":"default","site-content-layout":"","ast-site-content-layout":"default","site-content-style":"default","site-sidebar-style":"default","ast-global-header-display":"","ast-banner-title-visibility":"","ast-main-header-display":"","ast-hfb-above-header-display":"","ast-hfb-below-header-display":"","ast-hfb-mobile-header-display":"","site-post-title":"","ast-breadcrumbs-content":"","ast-featured-img":"","footer-sml-layout":"","ast-disable-related-posts":"","theme-transparent-header-meta":"default","adv-header-id-meta":"","stick-header-meta":"","header-above-stick-meta":"","header-main-stick-meta":"","header-below-stick-meta":"","astra-migrate-meta-layouts":"set","ast-page-background-enabled":"default","ast-page-background-meta":{"desktop":{"background-color":"var(--ast-global-color-5)","background-image":"","background-repeat":"repeat","background-position":"center center","background-size":"auto","background-attachment":"scroll","background-type":"","background-media":"","overlay-type":"","overlay-color":"","overlay-opacity":"","overlay-gradient":""},"tablet":{"background-color":"","background-image":"","background-repeat":"repeat","background-position":"center center","background-size":"auto","background-attachment":"scroll","background-type":"","background-media":"","overlay-type":"","overlay-color":"","overlay-opacity":"","overlay-gradient":""},"mobile":{"background-color":"","background-image":"","background-repeat":"repeat","background-position":"center center","background-size":"auto","background-attachment":"scroll","background-type":"","background-media":"","overlay-type":"","overlay-color":"","overlay-opacity":"","overlay-gradient":""}},"ast-content-background-meta":{"desktop":{"background-color":"var(--ast-global-color-4)","background-image":"","background-repeat":"repeat","background-position":"center center","background-size":"auto","background-attachment":"scroll","background-type":"","background-media":"","overlay-type":"","overlay-color":"","overlay-opacity":"","overlay-gradient":""},"tablet":{"background-color":"var(--ast-global-color-4)","background-image":"","background-repeat":"repeat","background-position":"center center","background-size":"auto","background-attachment":"scroll","background-type":"","background-media":"","overlay-type":"","overlay-color":"","overlay-opacity":"","overlay-gradient":""},"mobile":{"background-color":"var(--ast-global-color-4)","background-image":"","background-repeat":"repeat","background-position":"center center","background-size":"auto","background-attachment":"scroll","background-type":"","background-media":"","overlay-type":"","overlay-color":"","overlay-opacity":"","overlay-gradient":""}}},"product_brand":[],"product_cat":[24],"product_tag":[],"class_list":{"0":"post-212","1":"product","2":"type-product","3":"status-publish","4":"has-post-thumbnail","6":"product_cat-decoration","7":"desktop-align-left","8":"tablet-align-left","9":"mobile-align-left","11":"first","12":"instock","13":"purchasable","14":"product-type-variable"},"jetpack_sharing_enabled":true,"_links":{"self":[{"href":"https:\/\/creasdemy.fr\/index.php\/wp-json\/wp\/v2\/product\/212","targetHints":{"allow":["GET"]}}],"collection":[{"href":"https:\/\/creasdemy.fr\/index.php\/wp-json\/wp\/v2\/product"}],"about":[{"href":"https:\/\/creasdemy.fr\/index.php\/wp-json\/wp\/v2\/types\/product"}],"replies":[{"embeddable":true,"href":"https:\/\/creasdemy.fr\/index.php\/wp-json\/wp\/v2\/comments?post=212"}],"wp:featuredmedia":[{"embeddable":true,"href":"https:\/\/creasdemy.fr\/index.php\/wp-json\/wp\/v2\/media\/176"}],"wp:attachment":[{"href":"https:\/\/creasdemy.fr\/index.php\/wp-json\/wp\/v2\/media?parent=212"}],"wp:term":[{"taxonomy":"product_brand","embeddable":true,"href":"https:\/\/creasdemy.fr\/index.php\/wp-json\/wp\/v2\/product_brand?post=212"},{"taxonomy":"product_cat","embeddable":true,"href":"https:\/\/creasdemy.fr\/index.php\/wp-json\/wp\/v2\/product_cat?post=212"},{"taxonomy":"product_tag","embeddable":true,"href":"https:\/\/creasdemy.fr\/index.php\/wp-json\/wp\/v2\/product_tag?post=212"}],"curies":[{"name":"wp","href":"https:\/\/api.w.org\/{rel}","templated":true}]}}