{"id":2210,"date":"2026-04-03T13:32:51","date_gmt":"2026-04-03T13:32:51","guid":{"rendered":"https:\/\/creasdemy.fr\/?post_type=product&#038;p=2210"},"modified":"2026-04-03T13:32:51","modified_gmt":"2026-04-03T13:32:51","slug":"rose-maitresse","status":"publish","type":"product","link":"https:\/\/creasdemy.fr\/index.php\/product\/rose-maitresse\/","title":{"rendered":"Rose ma\u00eetresse"},"content":{"rendered":"<p data-start=\"125\" data-end=\"343\">Offrez un cadeau original et plein d\u2019attention avec cette jolie rose accompagn\u00e9e de l\u2019inscription \u201cMa\u00eetresse\u201d. Une cr\u00e9ation unique r\u00e9alis\u00e9e en impression 3D, id\u00e9ale pour remercier une ma\u00eetresse en fin d\u2019ann\u00e9e scolaire.<\/p>\n<p data-start=\"345\" data-end=\"543\">Son design d\u00e9licat met en valeur les d\u00e9tails de la rose et une \u00e9criture \u00e9l\u00e9gante, pour un rendu \u00e0 la fois moderne et touchant. Un petit cadeau qui fera toujours plaisir et qui change des classiques.<\/p>\n<p data-start=\"545\" data-end=\"571\">\u2728 <strong data-start=\"547\" data-end=\"569\">Caract\u00e9ristiques :<\/strong><\/p>\n<ul data-start=\"572\" data-end=\"702\">\n<li data-section-id=\"uqas1r\" data-start=\"572\" data-end=\"604\">Fabrication en impression 3D<\/li>\n<li data-section-id=\"1x2brtv\" data-start=\"605\" data-end=\"637\">Design original et fait main<\/li>\n<li data-section-id=\"3skkb9\" data-start=\"638\" data-end=\"668\">L\u00e9ger et agr\u00e9able \u00e0 porter<\/li>\n<li data-section-id=\"1a1zocz\" data-start=\"669\" data-end=\"702\">Plusieurs coloris disponibles<\/li>\n<\/ul>\n<p data-start=\"704\" data-end=\"763\">\ud83c\udf81 <strong data-start=\"707\" data-end=\"731\">Id\u00e9e cadeau parfaite<\/strong> pour dire merci \u00e0 une ma\u00eetresse<\/p>\n","protected":false},"excerpt":{"rendered":"<p>Offrez un cadeau original et plein d\u2019attention avec cette jolie rose accompagn\u00e9e de l\u2019inscription \u201cMa\u00eetresse\u201d. Une cr\u00e9ation unique r\u00e9alis\u00e9e en [&hellip;]<\/p>\n","protected":false},"featured_media":2261,"comment_status":"open","ping_status":"closed","template":"","meta":{"site-sidebar-layout":"default","site-content-layout":"","ast-site-content-layout":"default","site-content-style":"default","site-sidebar-style":"default","ast-global-header-display":"","ast-banner-title-visibility":"","ast-main-header-display":"","ast-hfb-above-header-display":"","ast-hfb-below-header-display":"","ast-hfb-mobile-header-display":"","site-post-title":"","ast-breadcrumbs-content":"","ast-featured-img":"","footer-sml-layout":"","ast-disable-related-posts":"","theme-transparent-header-meta":"default","adv-header-id-meta":"","stick-header-meta":"","header-above-stick-meta":"","header-main-stick-meta":"","header-below-stick-meta":"","astra-migrate-meta-layouts":"set","ast-page-background-enabled":"default","ast-page-background-meta":{"desktop":{"background-color":"var(--ast-global-color-5)","background-image":"","background-repeat":"repeat","background-position":"center center","background-size":"auto","background-attachment":"scroll","background-type":"","background-media":"","overlay-type":"","overlay-color":"","overlay-opacity":"","overlay-gradient":""},"tablet":{"background-color":"","background-image":"","background-repeat":"repeat","background-position":"center center","background-size":"auto","background-attachment":"scroll","background-type":"","background-media":"","overlay-type":"","overlay-color":"","overlay-opacity":"","overlay-gradient":""},"mobile":{"background-color":"","background-image":"","background-repeat":"repeat","background-position":"center center","background-size":"auto","background-attachment":"scroll","background-type":"","background-media":"","overlay-type":"","overlay-color":"","overlay-opacity":"","overlay-gradient":""}},"ast-content-background-meta":{"desktop":{"background-color":"var(--ast-global-color-4)","background-image":"","background-repeat":"repeat","background-position":"center center","background-size":"auto","background-attachment":"scroll","background-type":"","background-media":"","overlay-type":"","overlay-color":"","overlay-opacity":"","overlay-gradient":""},"tablet":{"background-color":"var(--ast-global-color-4)","background-image":"","background-repeat":"repeat","background-position":"center center","background-size":"auto","background-attachment":"scroll","background-type":"","background-media":"","overlay-type":"","overlay-color":"","overlay-opacity":"","overlay-gradient":""},"mobile":{"background-color":"var(--ast-global-color-4)","background-image":"","background-repeat":"repeat","background-position":"center center","background-size":"auto","background-attachment":"scroll","background-type":"","background-media":"","overlay-type":"","overlay-color":"","overlay-opacity":"","overlay-gradient":""}}},"product_brand":[],"product_cat":[71],"product_tag":[],"class_list":{"0":"post-2210","1":"product","2":"type-product","3":"status-publish","4":"has-post-thumbnail","6":"product_cat-idees-cadeaux","7":"desktop-align-left","8":"tablet-align-left","9":"mobile-align-left","11":"first","12":"instock","13":"shipping-taxable","14":"purchasable","15":"product-type-variable"},"jetpack_sharing_enabled":true,"_links":{"self":[{"href":"https:\/\/creasdemy.fr\/index.php\/wp-json\/wp\/v2\/product\/2210","targetHints":{"allow":["GET"]}}],"collection":[{"href":"https:\/\/creasdemy.fr\/index.php\/wp-json\/wp\/v2\/product"}],"about":[{"href":"https:\/\/creasdemy.fr\/index.php\/wp-json\/wp\/v2\/types\/product"}],"replies":[{"embeddable":true,"href":"https:\/\/creasdemy.fr\/index.php\/wp-json\/wp\/v2\/comments?post=2210"}],"wp:featuredmedia":[{"embeddable":true,"href":"https:\/\/creasdemy.fr\/index.php\/wp-json\/wp\/v2\/media\/2261"}],"wp:attachment":[{"href":"https:\/\/creasdemy.fr\/index.php\/wp-json\/wp\/v2\/media?parent=2210"}],"wp:term":[{"taxonomy":"product_brand","embeddable":true,"href":"https:\/\/creasdemy.fr\/index.php\/wp-json\/wp\/v2\/product_brand?post=2210"},{"taxonomy":"product_cat","embeddable":true,"href":"https:\/\/creasdemy.fr\/index.php\/wp-json\/wp\/v2\/product_cat?post=2210"},{"taxonomy":"product_tag","embeddable":true,"href":"https:\/\/creasdemy.fr\/index.php\/wp-json\/wp\/v2\/product_tag?post=2210"}],"curies":[{"name":"wp","href":"https:\/\/api.w.org\/{rel}","templated":true}]}}